













{"id":145,"date":"2016-04-21T07:44:28","date_gmt":"2016-04-21T05:44:28","guid":{"rendered":"https:\/\/www.pg-glasbau.at\/wp\/?page_id=145"},"modified":"2016-07-08T10:55:14","modified_gmt":"2016-07-08T08:55:14","slug":"spiegelanfertigung","status":"publish","type":"page","link":"https:\/\/www.pg-glasbau.at\/wp\/leistungen\/spiegelanfertigung\/","title":{"rendered":"Spiegelanfertigung"},"content":{"rendered":"<div id=\"metaslider-id-187\" style=\"width: 100%;\" class=\"ml-slider-3-108-0 ml-slider-pro-2-56-0 metaslider metaslider-flex metaslider-187 ml-slider ms-theme-default nav-hidden\" role=\"region\" aria-label=\"Neue Diashow\" data-height=\"600\" data-width=\"2400\">\n    <div id=\"metaslider_container_187\">\n        <div id=\"metaslider_187\">\n            <ul class='slides'>\n                <li style=\"display: block; width: 100%;\" class=\"slide-192 ms-image \" aria-roledescription=\"slide\" data-date=\"2016-04-21 14:09:28\" data-filename=\"iStock_000074964475_Large.jpg\" data-slide-type=\"image\"><img loading=\"lazy\" decoding=\"async\" src=\"https:\/\/www.pg-glasbau.at\/wp\/wp-content\/uploads\/iStock_000074964475_Large.jpg\" height=\"600\" width=\"2400\" alt=\"\" class=\"slider-187 slide-192 msDefaultImage\" \/><\/li>\n                <li style=\"display: none; width: 100%;\" class=\"slide-194 ms-image \" aria-roledescription=\"slide\" data-date=\"2016-04-21 14:12:19\" data-filename=\"iStock_000014122513_Large.jpg\" data-slide-type=\"image\"><img loading=\"lazy\" decoding=\"async\" src=\"https:\/\/www.pg-glasbau.at\/wp\/wp-content\/uploads\/iStock_000014122513_Large.jpg\" height=\"600\" width=\"2400\" alt=\"\" class=\"slider-187 slide-194 msDefaultImage\" \/><\/li>\n                <li style=\"display: none; width: 100%;\" class=\"slide-197 ms-image \" aria-roledescription=\"slide\" data-date=\"2016-04-21 14:13:41\" data-filename=\"iStock_000042128600_XXXLarge-1.jpg\" data-slide-type=\"image\"><img loading=\"lazy\" decoding=\"async\" src=\"https:\/\/www.pg-glasbau.at\/wp\/wp-content\/uploads\/iStock_000042128600_XXXLarge-1.jpg\" height=\"600\" width=\"2400\" alt=\"\" class=\"slider-187 slide-197 msDefaultImage\" \/><\/li>\n                <li style=\"display: none; width: 100%;\" class=\"slide-195 ms-image \" aria-roledescription=\"slide\" data-date=\"2016-04-21 14:12:21\" data-filename=\"iStock_000081201295_Large.jpg\" data-slide-type=\"image\"><img loading=\"lazy\" decoding=\"async\" src=\"https:\/\/www.pg-glasbau.at\/wp\/wp-content\/uploads\/iStock_000081201295_Large.jpg\" height=\"600\" width=\"2400\" alt=\"\" class=\"slider-187 slide-195 msDefaultImage\" \/><\/li>\n                <li style=\"display: none; width: 100%;\" class=\"slide-188 ms-image \" aria-roledescription=\"slide\" data-date=\"2016-04-21 14:08:38\" data-filename=\"iStock_000009169533_Double.jpg\" data-slide-type=\"image\"><img loading=\"lazy\" decoding=\"async\" src=\"https:\/\/www.pg-glasbau.at\/wp\/wp-content\/uploads\/iStock_000009169533_Double.jpg\" height=\"600\" width=\"2400\" alt=\"\" class=\"slider-187 slide-188 msDefaultImage\" \/><\/li>\n                <li style=\"display: none; width: 100%;\" class=\"slide-191 ms-image \" aria-roledescription=\"slide\" data-date=\"2016-04-21 14:08:58\" data-filename=\"iStock_000044211448_Large.jpg\" data-slide-type=\"image\"><img loading=\"lazy\" decoding=\"async\" src=\"https:\/\/www.pg-glasbau.at\/wp\/wp-content\/uploads\/iStock_000044211448_Large.jpg\" height=\"600\" width=\"2400\" alt=\"\" class=\"slider-187 slide-191 msDefaultImage\" \/><\/li>\n                <li style=\"display: none; width: 100%;\" class=\"slide-193 ms-image \" aria-roledescription=\"slide\" data-date=\"2016-04-21 14:12:17\" data-filename=\"gl.jpg\" data-slide-type=\"image\"><img loading=\"lazy\" decoding=\"async\" src=\"https:\/\/www.pg-glasbau.at\/wp\/wp-content\/uploads\/gl.jpg\" height=\"600\" width=\"2400\" alt=\"\" class=\"slider-187 slide-193 msDefaultImage\" \/><\/li>\n                <li style=\"display: none; width: 100%;\" class=\"slide-198 ms-image \" aria-roledescription=\"slide\" data-date=\"2016-04-21 14:13:42\" data-filename=\"iStock_000072552361_Large.jpg\" data-slide-type=\"image\"><img loading=\"lazy\" decoding=\"async\" src=\"https:\/\/www.pg-glasbau.at\/wp\/wp-content\/uploads\/iStock_000072552361_Large.jpg\" height=\"600\" width=\"2400\" alt=\"\" class=\"slider-187 slide-198 msDefaultImage\" \/><\/li>\n            <\/ul>\n        <\/div>\n        \n    <\/div>\n<\/div>\n<div class='conblock con-default  clearfix' style=''><div class='conblock-inner'>\n<h2>PG Glasbau GmbH &#8211; Spiegelanfertigung<\/h2>\n<div class='cols3 cols  nomargin  clearfix'>\n<div class='col colspan2 '>\n<h3>Spiegelanfertigung nach Ma\u00df von Ihrer Glaserei<\/h3>\n<p>Wir fertigen Spiegel mit individuellen Abmessungen oder liefern einzigartige Variationen f\u00fcr Ihr pers\u00f6nliches Ausstattungskonzept. Spiegel sind nicht nur praktisch, sondern vor allem ein Element, um Innenr\u00e4ume zu gestalten. Optimal eingepasst, lassen sie R\u00e4ume gr\u00f6\u00dfer und offener wirken. Teilen Sie uns Ihre Vorstellungen mit \u2013 wir entwerfen auch f\u00fcr Sie den perfekten Spiegel.<\/p>\n<p><strong><span class=\"color\">Einzigartige Spiegel f\u00fcr Ihren Innenraum<\/span><\/strong><\/p>\n<ul>\n<li>Wandspiegel<\/li>\n<li>Standspiegel<\/li>\n<li>Garderobenspiegel<\/li>\n<li>Spiegelw\u00e4nde und T\u00fcrverspiegelungen<\/li>\n<li>und vieles mehr &#8230;<\/li>\n<\/ul>\n<h3>Handgefertigte Spiegel \u2013 konventionell &amp; exklusiv<\/h3>\n<p>Bestimmen Sie Gr\u00f6\u00dfe, Form und St\u00e4rke Ihres Spiegels \u2013 wir beraten Sie gerne zu den M\u00f6glichkeiten und zeigen Ihnen inspirierende Beispiele unserer Handwerkskunst. Mittels unterschiedlicher Techniken k\u00f6nnen wir ganz individuelle Schmuckst\u00fccke erschaffen, die perfekt in Ihre R\u00e4umlichkeiten passen.<\/p>\n<ul>\n<li>mit Rahmen oder rahmenlos<\/li>\n<li>s\u00e4mtliche Ma\u00dfe und Gr\u00f6\u00dfen<\/li>\n<li>s\u00e4mtliche Formen: rund, oval, eckig, geschweift<\/li>\n<\/ul>\n<p><strong><span class=\"color\">Spezialspiegel nach Ma\u00df von Ihrer Glaserei aus dem Bezirk Grieskirchen.<br \/><\/span><\/strong><\/p>\n<p>\u00dcberzeugen Sie sich selbst von unserem gro\u00dfen Angebot und unserer Kompetenz. Wir freuen uns auf Ihren Auftrag!<\/p>\n<\/div>\n<div class='col colspan last'>\n<p><a href=\"https:\/\/www.pg-glasbau.at\/wp\/wp-content\/uploads\/Glasspiegelwand-1.jpg\"><img loading=\"lazy\" decoding=\"async\" class=\"alignnone wp-image-403 size-full\" src=\"https:\/\/www.pg-glasbau.at\/wp\/wp-content\/uploads\/Glasspiegelwand-1.jpg\" width=\"1000\" height=\"667\" \/><\/a><a href=\"https:\/\/www.pg-glasbau.at\/wp\/wp-content\/uploads\/Spiegel-1.jpg\"><img loading=\"lazy\" decoding=\"async\" class=\"alignnone wp-image-375 size-full\" src=\"https:\/\/www.pg-glasbau.at\/wp\/wp-content\/uploads\/Spiegel-1.jpg\" width=\"1000\" height=\"667\" \/><\/a><a href=\"https:\/\/www.pg-glasbau.at\/wp\/wp-content\/uploads\/Glasspiegelwand-2-2.jpg\"><img loading=\"lazy\" decoding=\"async\" class=\"alignnone wp-image-398 size-full\" src=\"https:\/\/www.pg-glasbau.at\/wp\/wp-content\/uploads\/Glasspiegelwand-2-2.jpg\" width=\"1000\" height=\"667\" \/><\/a><\/p>\n<\/div>\n<\/div>\n<div class='colorline'><\/div>\n<h3>PG Glasbau GmbH aus Ober\u00f6sterreich \u2013 Handgefertigte Spiegel, die durch Qualit\u00e4t \u00fcberzeugen.<\/h3>\n<p>F\u00fcr Fragen stehen wir Ihnen gerne zur Verf\u00fcgung\u00a0 \u2013 kontaktieren Sie uns unter der <strong>Telefonnummer +43 650 43 28 245\u00a0<\/strong>oder schicken Sie <a href=\"mailto:&#x6f;&#x66;&#x66;&#x69;&#x63;&#x65;&#x40;&#x70;&#x67;&#x2d;&#x67;&#x6c;&#x61;&#x73;&#x62;&#x61;&#x75;&#x2e;&#x61;&#x74;\">Ihre Anfrage!<\/a><\/p>\n<\/div> <\/div>","protected":false},"excerpt":{"rendered":"","protected":false},"author":2,"featured_media":0,"parent":39,"menu_order":12,"comment_status":"closed","ping_status":"closed","template":"","meta":{"footnotes":""},"class_list":["post-145","page","type-page","status-publish","hentry"],"_links":{"self":[{"href":"https:\/\/www.pg-glasbau.at\/wp\/wp-json\/wp\/v2\/pages\/145","targetHints":{"allow":["GET"]}}],"collection":[{"href":"https:\/\/www.pg-glasbau.at\/wp\/wp-json\/wp\/v2\/pages"}],"about":[{"href":"https:\/\/www.pg-glasbau.at\/wp\/wp-json\/wp\/v2\/types\/page"}],"author":[{"embeddable":true,"href":"https:\/\/www.pg-glasbau.at\/wp\/wp-json\/wp\/v2\/users\/2"}],"replies":[{"embeddable":true,"href":"https:\/\/www.pg-glasbau.at\/wp\/wp-json\/wp\/v2\/comments?post=145"}],"version-history":[{"count":10,"href":"https:\/\/www.pg-glasbau.at\/wp\/wp-json\/wp\/v2\/pages\/145\/revisions"}],"predecessor-version":[{"id":452,"href":"https:\/\/www.pg-glasbau.at\/wp\/wp-json\/wp\/v2\/pages\/145\/revisions\/452"}],"up":[{"embeddable":true,"href":"https:\/\/www.pg-glasbau.at\/wp\/wp-json\/wp\/v2\/pages\/39"}],"wp:attachment":[{"href":"https:\/\/www.pg-glasbau.at\/wp\/wp-json\/wp\/v2\/media?parent=145"}],"curies":[{"name":"wp","href":"https:\/\/api.w.org\/{rel}","templated":true}]}}

<div id="metaslider-id-187" style="width: 100%;" class="ml-slider-3-108-0 ml-slider-pro-2-56-0 metaslider metaslider-flex metaslider-187 ml-slider ms-theme-default nav-hidden" role="region" aria-label="Neue Diashow" data-height="600" data-width="2400">
    <div id="metaslider_container_187">
        <div id="metaslider_187">
            <ul class='slides'>
                <li style="display: block; width: 100%;" class="slide-192 ms-image " aria-roledescription="slide" data-date="2016-04-21 14:09:28" data-filename="iStock_000074964475_Large.jpg" data-slide-type="image"><img loading="lazy" decoding="async" src="https://www.pg-glasbau.at/wp/wp-content/uploads/iStock_000074964475_Large.jpg" height="600" width="2400" alt="" class="slider-187 slide-192 msDefaultImage" /></li>
                <li style="display: none; width: 100%;" class="slide-194 ms-image " aria-roledescription="slide" data-date="2016-04-21 14:12:19" data-filename="iStock_000014122513_Large.jpg" data-slide-type="image"><img loading="lazy" decoding="async" src="https://www.pg-glasbau.at/wp/wp-content/uploads/iStock_000014122513_Large.jpg" height="600" width="2400" alt="" class="slider-187 slide-194 msDefaultImage" /></li>
                <li style="display: none; width: 100%;" class="slide-197 ms-image " aria-roledescription="slide" data-date="2016-04-21 14:13:41" data-filename="iStock_000042128600_XXXLarge-1.jpg" data-slide-type="image"><img loading="lazy" decoding="async" src="https://www.pg-glasbau.at/wp/wp-content/uploads/iStock_000042128600_XXXLarge-1.jpg" height="600" width="2400" alt="" class="slider-187 slide-197 msDefaultImage" /></li>
                <li style="display: none; width: 100%;" class="slide-195 ms-image " aria-roledescription="slide" data-date="2016-04-21 14:12:21" data-filename="iStock_000081201295_Large.jpg" data-slide-type="image"><img loading="lazy" decoding="async" src="https://www.pg-glasbau.at/wp/wp-content/uploads/iStock_000081201295_Large.jpg" height="600" width="2400" alt="" class="slider-187 slide-195 msDefaultImage" /></li>
                <li style="display: none; width: 100%;" class="slide-188 ms-image " aria-roledescription="slide" data-date="2016-04-21 14:08:38" data-filename="iStock_000009169533_Double.jpg" data-slide-type="image"><img loading="lazy" decoding="async" src="https://www.pg-glasbau.at/wp/wp-content/uploads/iStock_000009169533_Double.jpg" height="600" width="2400" alt="" class="slider-187 slide-188 msDefaultImage" /></li>
                <li style="display: none; width: 100%;" class="slide-191 ms-image " aria-roledescription="slide" data-date="2016-04-21 14:08:58" data-filename="iStock_000044211448_Large.jpg" data-slide-type="image"><img loading="lazy" decoding="async" src="https://www.pg-glasbau.at/wp/wp-content/uploads/iStock_000044211448_Large.jpg" height="600" width="2400" alt="" class="slider-187 slide-191 msDefaultImage" /></li>
                <li style="display: none; width: 100%;" class="slide-193 ms-image " aria-roledescription="slide" data-date="2016-04-21 14:12:17" data-filename="gl.jpg" data-slide-type="image"><img loading="lazy" decoding="async" src="https://www.pg-glasbau.at/wp/wp-content/uploads/gl.jpg" height="600" width="2400" alt="" class="slider-187 slide-193 msDefaultImage" /></li>
                <li style="display: none; width: 100%;" class="slide-198 ms-image " aria-roledescription="slide" data-date="2016-04-21 14:13:42" data-filename="iStock_000072552361_Large.jpg" data-slide-type="image"><img loading="lazy" decoding="async" src="https://www.pg-glasbau.at/wp/wp-content/uploads/iStock_000072552361_Large.jpg" height="600" width="2400" alt="" class="slider-187 slide-198 msDefaultImage" /></li>
            </ul>
        </div>
        
    </div>
</div>
<div class='conblock con-default  clearfix' style=''><div class='conblock-inner'>
<h2>PG Glasbau GmbH &#8211; Spiegelanfertigung</h2>
<div class='cols3 cols  nomargin  clearfix'>
<div class='col colspan2 '>
<h3>Spiegelanfertigung nach Maß von Ihrer Glaserei</h3>
<p>Wir fertigen Spiegel mit individuellen Abmessungen oder liefern einzigartige Variationen für Ihr persönliches Ausstattungskonzept. Spiegel sind nicht nur praktisch, sondern vor allem ein Element, um Innenräume zu gestalten. Optimal eingepasst, lassen sie Räume größer und offener wirken. Teilen Sie uns Ihre Vorstellungen mit – wir entwerfen auch für Sie den perfekten Spiegel.</p>
<p><strong><span class="color">Einzigartige Spiegel für Ihren Innenraum</span></strong></p>
<ul>
<li>Wandspiegel</li>
<li>Standspiegel</li>
<li>Garderobenspiegel</li>
<li>Spiegelwände und Türverspiegelungen</li>
<li>und vieles mehr &#8230;</li>
</ul>
<h3>Handgefertigte Spiegel – konventionell &amp; exklusiv</h3>
<p>Bestimmen Sie Größe, Form und Stärke Ihres Spiegels – wir beraten Sie gerne zu den Möglichkeiten und zeigen Ihnen inspirierende Beispiele unserer Handwerkskunst. Mittels unterschiedlicher Techniken können wir ganz individuelle Schmuckstücke erschaffen, die perfekt in Ihre Räumlichkeiten passen.</p>
<ul>
<li>mit Rahmen oder rahmenlos</li>
<li>sämtliche Maße und Größen</li>
<li>sämtliche Formen: rund, oval, eckig, geschweift</li>
</ul>
<p><strong><span class="color">Spezialspiegel nach Maß von Ihrer Glaserei aus dem Bezirk Grieskirchen.<br /></span></strong></p>
<p>Überzeugen Sie sich selbst von unserem großen Angebot und unserer Kompetenz. Wir freuen uns auf Ihren Auftrag!</p>
</div>
<div class='col colspan last'>
<p><a href="https://www.pg-glasbau.at/wp/wp-content/uploads/Glasspiegelwand-1.jpg"><img loading="lazy" decoding="async" class="alignnone wp-image-403 size-full" src="https://www.pg-glasbau.at/wp/wp-content/uploads/Glasspiegelwand-1.jpg" width="1000" height="667" /></a><a href="https://www.pg-glasbau.at/wp/wp-content/uploads/Spiegel-1.jpg"><img loading="lazy" decoding="async" class="alignnone wp-image-375 size-full" src="https://www.pg-glasbau.at/wp/wp-content/uploads/Spiegel-1.jpg" width="1000" height="667" /></a><a href="https://www.pg-glasbau.at/wp/wp-content/uploads/Glasspiegelwand-2-2.jpg"><img loading="lazy" decoding="async" class="alignnone wp-image-398 size-full" src="https://www.pg-glasbau.at/wp/wp-content/uploads/Glasspiegelwand-2-2.jpg" width="1000" height="667" /></a></p>
</div>
</div>
<div class='colorline'></div>
<h3>PG Glasbau GmbH aus Oberösterreich – Handgefertigte Spiegel, die durch Qualität überzeugen.</h3>
<p>Für Fragen stehen wir Ihnen gerne zur Verfügung  – kontaktieren Sie uns unter der <strong>Telefonnummer +43 650 43 28 245 </strong>oder schicken Sie <a href="mailto:&#x6f;&#x66;&#x66;&#x69;&#x63;&#x65;&#x40;&#x70;&#x67;&#x2d;&#x67;&#x6c;&#x61;&#x73;&#x62;&#x61;&#x75;&#x2e;&#x61;&#x74;">Ihre Anfrage!</a></p>
</div> </div>
